2*v**3/3 - 2*v**2. Let k be o(u). What is the highest common factor of 20 and k?
10
Let t be 14 + -14 - 100/(-2 + 0). Suppose 0 = 4*k - 3 - 77. What is the greatest common divisor of t and k?
10
Suppose c = -4*m + 95, 5*m + 56 - 171 = -5*c. Let a = m + 11. What is the greatest common divisor of 14 and a?
7
Suppose 2*o - o + 41 = 0. Let b = o - -80. Calculate the highest common factor of b and 26.
13
Let l be 875/30 + (-2)/12. Suppose 0 = -4*g + l + 7. Calculate the greatest common divisor of 18 and g.
9
Let j be (13 - 6)*(-48)/(-14). Calculate the highest common divisor of 60 and j.
12
Suppose -1854 = -0*r - 3*r. Suppose 2*w + 2*j + r = 6*w, -3*w + 467 = -5*j. Calculate the highest common factor of w and 14.
14
Suppose 5*x - 2*w = -5*w + 160, 0 = -2*x - 3*w + 64. Calculate the greatest common factor of x and 4.
4
Let q be -4*(-15 - -11)*(1 - 0). Calculate the highest common factor of 8 and q.
8
Let k(i) = i**3 + 20*i**2 + 25*i. Let j be k(-18). What is the greatest common divisor of 22 and j?
22
Suppose -8*v - 5*l = -4*v - 165, -2*l + 129 = 3*v. Let k(p) = p**3 - 32*p**2 + 3*p - 78. Let q be k(32). Calculate the greatest common factor of v and q.
9
Let g(m) = -m**3 - 9*m**2 + 4*m + 11. Let j be g(-9). Let s = -18 - j. What is the greatest common divisor of s and 21?
7
Let l(k) = k**3 + 5*k**2 - 4*k - 7. Let d be l(-4). Suppose 3*y - 359 = 241. Calculate the greatest common divisor of y and d.
25
Let p be -30*(-2)/(-6)*-4. Suppose 6*x = x + p. Let h = 87 + 1. What is the greatest common factor of h and x?
8
Let f be (-14)/(-6) - (-2)/3. Let t = -2 - -5. Suppose -t*n = -0*n - 18. What is the greatest common divisor of f and n?
3
Suppose -24 = -3*g + 3*v, 16 = -4*g + 2*v + 40. Calculate the greatest common factor of 44 and g.
4
Suppose 0 = 4*l - 3*l - 153. Let d(h) = -h + 8. Let x be d(-9). What is the greatest common factor of l and x?
17
Let o = 91 + -51. Let q be 52 + -50 - 12/(-2). What is the highest common factor of o and q?
8
Suppose 0 = -q + 5*b + 2 + 2, 0 = 5*q - 4*b - 62. Calculate the greatest common factor of 21 and q.
7
Let v be 30 - (1 - (3 + -1)). Suppose 185 = 3*p - v. Calculate the highest common divisor of p and 48.
24
Let s = 118 - 65. Let g be (s - 1)/(3 - 2). Suppose -4*i + 0*m = 4*m - g, -5*m = -i - 17. Calculate the highest common divisor of 72 and i.
8
Let v(j) = 7*j**2 + 5*j - 4. Let o be v(1). Calculate the greatest common divisor of 88 and o.
8
Let c be 5*(2/(-10) + 1). Let x be (-12)/54 + 119/9. Suppose x = 3*t - d, t - 6*t + d + 21 = 0. What is the greatest common factor of t and c?
4
Suppose -3*y = 2*l + 38, -l = 3*y + 2*l + 42. Let t be y/45 - 110/(-9). What is the highest common divisor of 132 and t?
12
Let z = -20 + 11. Let d be (-135)/z*(-6)/(-10). Calculate the greatest common factor of d and 99.
9
Suppose 4*i = -5*j + 30, -3*j + 11 + 5 = 2*i. Suppose -4*g + g = -k + 20, -5*k - 4*g + i = 0. Calculate the highest common factor of 55 and k.
5
Let f be (1/(-1))/((-6)/852). Let l = f - 44. What is the greatest common divisor of l and 14?
14
Suppose -8*f - 3*o + 38 = -4*f, 5*o + 32 = 2*f. Let x = 5 + f. What is the highest common factor of x and 112?
16
Let b be 2*(2 + -2 + 1). Suppose 3*r = -t + 93 + 73, 0 = 3*t - 2*r - 476. Suppose t = b*l - 0*l. Calculate the highest common divisor of l and 10.
10
Let a be 12*2/(-4)*-1. Let s = -2 + 8. Suppose 5*u - 8 = -4*y, s*y - 2*y = -3*u + 8. What is the highest common factor of a and y?
2
Suppose 6*k = 3*k + 15. What is the greatest common factor of 5 and k?
5
Let z(v) = -2*v - 2 - 2 + 38*v**3 - v**2 - 37*v**3. Let o be z(3). Calculate the highest common factor of 88 and o.
8
Suppose -5*c = 6 - 1. Let p(q) = -129*q**3 + q**2 - q - 1. Let y be p(c). Let j be (6/(-9))/(2/(-156)). What is the highest common divisor of y and j?
26
Let p be -3 + (-2 - (-150 + 1)). Suppose -p = -c - 3*c. What is the greatest common divisor of 9 and c?
9
Suppose -4*x + 14 - 2 = 0, l - 3*x + 7 = 0. Calculate the highest common factor of l and 5.
1
Let f(b) = -2*b + 24. Let h be f(8). What is the greatest common divisor of 32 and h?
8
Let t be ((-3)/4 - (-1)/(-20))*-65. Calculate the greatest common divisor of t and 26.
26
Suppose 39 = 3*l - p, 2*l + 5*p = -0*p + 9. Suppose h - l = -0*h. Calculate the greatest common factor of 120 and h.
12
Let g = 12 - 0. Let n be 716/g + (-2)/(-6). Calculate the greatest common factor of 90 and n.
30
Let q(f) = -5*f - 1. Let t(u) = -u + 6. Let i be t(0). Suppose 4*w = 2*w - i. Let m be q(w). Calculate the highest common divisor of m and 7.
7
Suppose -3*u + 2*y = -297, 2*u - 54 - 144 = y. Calculate the greatest common factor of 9 and u.
9
Suppose -20 + 170 = -5*y + 3*c, 4*c - 47 = y. Let n = y - -49. Calculate the greatest common divisor of 220 and n.
22
Suppose -90 = -3*g - 0*g. What is the highest common divisor of 15 and g?
15
Suppose 0*s = -g + 2*s + 48, -5*g + 240 = -5*s. Suppose 3*z - 37 = -n, 3 = -z + 5*n + 10. Calculate the highest common divisor of z and g.
12
Let m(b) = -b**3 - 8*b**2 - 7*b - 8. Suppose f - 4*i - 9 = 0, -f - 3*i = 4*f + 47. Let u be m(f). Let v = 10 + u. What is the highest common factor of 18 and v?
2
Let g = 0 + 116. What is the highest common factor of g and 29?
29
Let g be (-2 + -7)/(-3) + 1. Suppose 2*o = -0*o - g. Let s(l) = 11*l**2 + l - 2. Let b be s(o). Calculate the greatest common factor of 8 and b.
8
Let g = 344 - -305. What is the highest common divisor of g and 59?
59
Suppose q = 4*u + 14, -u = -5*q + 3*u + 150. Let x = -19 + q. Let i(j) = 2*j**2 + 4*j + 9. Let c be i(6). What is the greatest common divisor of x and c?
15
Suppose 3*c = 2*c + 16. Suppose -5*b + 59 = -c. Calculate the highest common divisor of 3 and b.
3
Suppose 0 = 5*t + 3*z - 4, 0*t - 10 = -3*t + 2*z. Suppose 16 = 4*h + 4*v - 8, -6 = h - 5*v. What is the highest common factor of h and t?
2
Let d(y) = 9*y - 3. Let l be d(5). Calculate the highest common divisor of l and 6.
6
Let p = -16 - -23. Suppose 0 = 2*i - p + 1. Calculate the highest common divisor of 9 and i.
3
Suppose 251 - 13 = 7*n. What is the greatest common divisor of n and 34?
34
Let p = 52 - 35. What is the greatest common factor of 187 and p?
17
Let g = -1 - 2. Let u be (18/3)/g*2. Let z = 0 - u. What is the greatest common factor of 12 and z?
4
Let z = 115 + -95. Suppose 3*x + 5*o = 635, 4*x + 2*o - 371 - 499 = 0. Calculate the greatest common factor of x and z.
20
Let t = 221 - 149. Calculate the greatest common divisor of 96 and t.
24
Suppose -41*u - 154 = -48*u. Suppose 3*b + 173 = 4*f, 2*f - 4*b + 136 = 5*f. Calculate the highest common factor of u and f.
22
Let q be (1 + -6)/(-1 + 0). Suppose c - 5 = -2, 0 = 4*f + 2*c - 86. What is the highest common divisor of f and q?
5
Suppose 3*f = 3*n + 3, 1 = -3*f - 2*n + 3*n. Let t(a) = 7*a**2 + 1. Let w be t(f). Calculate the greatest common divisor of w and 4.
4
Let o(y) = 9*y**2 - y. Let p be o(-1). Let j be 30/2*30/18. Calculate the greatest common factor of p and j.
5
Suppose 0 = -4*w + 5*r - 3 - 18, w = -3*r + 16. Calculate the highest common divisor of 11 and w.
1
Let h = -62 + 90. Let z(p) = p**2 + p - 5. Let i be z(-4). Calculate the highest common factor of i and h.
7
Suppose 0*b + 2*b - 130 = 0. Suppose -5*i + 156 + 104 = 0. Suppose 4*w - i = -0*w. What is the greatest common factor of w and b?
13
Suppose -4*i + 120 = g + 25, i = -4*g + 395. Suppose -3*m + 12 = f, 3*f - 40 = -f - 4*m. Calculate the greatest common factor of f and g.
9
Suppose -32 = -6*i + 5*i. Calculate the greatest common divisor of 80 and i.
16
Suppose 2*q + 28 = -2*w, q + 11 = 3*w - 7. Let m be (12/(-10))/(3/q). Let i be 1/1 - -1*5. What is the greatest common divisor of m and i?
6
Suppose 5*l - 170 = f, -60 = -l - 9*f + 4*f. What is the greatest common divisor of l and 105?
35
Suppose 0 = -3*z - m + 90, -109 = -8*z + 4*z - 5*m. Calculate the greatest common divisor of 93 and z.
31
Let i be ((-208)/(-12))/(8/84). Calculate the highest common divisor of 14 and i.
14
Suppose -34 = -3*h + z, 2*z = 3*h - z - 42. Let u = h - 6. Suppose -u*s + 36 = -2*s. Calculate the greatest common factor of 198 and s.
18
Suppose -236 = -4*s + 4*w, s - 42 = 5*w + 29. Let a(c) = 6*c**3 + 1. Let z be a(1). What is the greatest common factor of s and z?
7
Let b(a) = -a**3 - 5*a**2 - 8*a 